

{"id":111,"date":"2021-05-18T21:43:42","date_gmt":"2021-05-18T21:43:42","guid":{"rendered":"http:\/\/alimentosyvinosdeespana.com\/?page_id=111"},"modified":"2021-05-18T21:43:43","modified_gmt":"2021-05-18T21:43:43","slug":"andres-vargas","status":"publish","type":"page","link":"https:\/\/alimentosyvinosdeespana.com\/index.php\/andres-vargas\/","title":{"rendered":"Andr\u00e9s Vargas"},"content":{"rendered":"\n<div class=\"woocommerce\">\n<div class=\"content\">\n    <article class=\"post_item post_item_single post_item_product\">\n        <div class=\"product first\">\n            <div class=\"images\">\n                <img src=\"https:\/\/alimentosyvinosdeespana.com\/wp-content\/uploads\/2021\/05\/andresvargas.jpg\" alt=\"product\" title=\"product\" \/>\n            <\/div>\n            <!-- Product summary -->\n            <div class=\"summary\">\n                <h4 class=\"product_title\">\n                    Andr\u00e9s Vargas\n                <\/h4>\n                <div>\n                <\/div>\n                <p class=\"descripcion_proyecto\">\n<strong>CHEF LA GENTE QUE ME GUSTA, CALI<\/strong> <br \/><br \/>\n                    Gracias a la dieta de los pueblos de la cuenca del mediterr\u00e1neo, que es una de las m\u00e1s saludables y equilibradas del mundo, podemos conocer las bondades del consumo del aceite de oliva.<br \/><br \/> El aceite de oliva es rico es grasas mono insaturadas que pertenecen al grupo de las grasas saludables, por lo cual aporta un beneficio a nuestro organismo. Aqu\u00ed dejo algunos de los beneficios que aporta el aceite de oliva: mejora la salud intestinal, previene artritis, mejora las funciones cognitivas, previene la diabetes tipo II, mejora la salud cut\u00e1nea, previene el c\u00e1ncer, mejora el sistema inmunol\u00f3gico, previene enfermedades cardiacas y reduce el colesterol entre muchas m\u00e1s bondades. <br \/><br \/>Gracias a los productores y embajadores del aceite de oliva podemos conocer este producto con m\u00e1s facilidad en nuestros hogares, quitando el mito de que \u201cel aceite de oliva solo es para ensaladas\u201d ya que el aceite de oliva tiene una gran versatilidad podemos saltear, fre\u00edr, confitar y realizar todo tipo de preparaci\u00f3n que contenga un medio graso. Invito a consumir a diario en una dieta equilibrada el aceite de oliva Guillermo Jim\u00e9nez, un aceite equilibrado e ideal para realizar todo tipo de recetas exquisitas.\n                    <\/p>\n\n                    <!--\n                                            <div class=\"product_meta\">\n                                            <span class=\"posted_in\">Categories: <a href=\"#\">Golf Balls<\/a>,\n                                                <a href=\"#\">Wedges<\/a>\n                                            <\/span>\n                                            <span class=\"tagged_as\">Tags:\n                                                <a href=\"#\" rel=\"tag\">Balls<\/a>,\n                                                <a href=\"#\" rel=\"tag\">Covers<\/a>\n                                            <\/span>\n                                            <span class=\"product_id\">Product ID:\n                                                <span>995<\/span>\n                                            <\/span>\n                                        <\/div>\n                                    -->\n                <\/p>\n            <\/div>\n            <!-- \/Product summary -->\n            <!-- Info tabs -->\n            <div class=\"woocommerce-tabs wc-tabs-wrapper trx-stretch-width scheme_light inited\" style=\"position: relative; box-sizing: border-box; left: -366.5px; width: 1903px; padding-left: 366.5px; padding-right: 366.5px;\"><\/div>\n            <div class=\"trx-stretch-width-original\"><\/div>\n            <!-- \/Info tabs -->\n            <!-- Related Products -->\n        <\/div>\n    <\/article>\n<\/div>\n<\/div>\n","protected":false},"excerpt":{"rendered":"<p>Andr\u00e9s Vargas CHEF LA GENTE QUE ME GUSTA, CALI Gracias a la dieta de los pueblos de la cuenca del mediterr\u00e1neo, que es una de las m\u00e1s saludables y equilibradas del mundo, podemos conocer las bondades del consumo del aceite de oliva. El aceite de oliva es rico es grasas mono insaturadas que pertenecen al [&hellip;]<\/p>\n","protected":false},"author":1,"featured_media":0,"parent":0,"menu_order":0,"comment_status":"closed","ping_status":"closed","template":"","meta":{"om_disable_all_campaigns":false,"_monsterinsights_skip_tracking":false,"_monsterinsights_sitenote_active":false,"_monsterinsights_sitenote_note":"","_monsterinsights_sitenote_category":0},"_links":{"self":[{"href":"https:\/\/alimentosyvinosdeespana.com\/index.php\/wp-json\/wp\/v2\/pages\/111"}],"collection":[{"href":"https:\/\/alimentosyvinosdeespana.com\/index.php\/wp-json\/wp\/v2\/pages"}],"about":[{"href":"https:\/\/alimentosyvinosdeespana.com\/index.php\/wp-json\/wp\/v2\/types\/page"}],"author":[{"embeddable":true,"href":"https:\/\/alimentosyvinosdeespana.com\/index.php\/wp-json\/wp\/v2\/users\/1"}],"replies":[{"embeddable":true,"href":"https:\/\/alimentosyvinosdeespana.com\/index.php\/wp-json\/wp\/v2\/comments?post=111"}],"version-history":[{"count":1,"href":"https:\/\/alimentosyvinosdeespana.com\/index.php\/wp-json\/wp\/v2\/pages\/111\/revisions"}],"predecessor-version":[{"id":113,"href":"https:\/\/alimentosyvinosdeespana.com\/index.php\/wp-json\/wp\/v2\/pages\/111\/revisions\/113"}],"wp:attachment":[{"href":"https:\/\/alimentosyvinosdeespana.com\/index.php\/wp-json\/wp\/v2\/media?parent=111"}],"curies":[{"name":"wp","href":"https:\/\/api.w.org\/{rel}","templated":true}]}}